sor of 2289724 and 348.
116
Calculate the greatest common factor of 184072 and 112.
56
What is the greatest common factor of 9023 and 63?
7
Calculate the highest common factor of 1318933 and 49.
49
What is the highest common divisor of 231 and 64295?
77
Calculate the highest common divisor of 553 and 5348.
7
What is the greatest common factor of 42 and 102669?
21
Calculate the highest common divisor of 15741 and 55.
11
Calculate the highest common divisor of 124047 and 2772.
693
What is the highest common factor of 20 and 31585?
5
Calculate the highest common divisor of 6697 and 1267.
181
What is the greatest common factor of 18160 and 960?
80
What is the greatest common factor of 442 and 650?
26
Calculate the highest common factor of 358248 and 22.
22
Calculate the highest common divisor of 242 and 1516493.
121
What is the greatest common factor of 349930 and 2660?
70
Calculate the greatest common factor of 40872 and 390.
78
Calculate the greatest common divisor of 46193 and 14.
7
Calculate the greatest common divisor of 67 and 4566921.
67
What is the greatest common factor of 218 and 192494?
218
What is the greatest common factor of 198 and 1089?
99
What is the greatest common divisor of 1920 and 76080?
240
Calculate the highest common factor of 116405 and 31930.
155
Calculate the highest common factor of 620 and 844.
4
What is the greatest common divisor of 122718 and 5424?
678
What is the greatest common divisor of 10672 and 108652?
92
Calculate the greatest common factor of 1276 and 12364.
44
Calculate the greatest common factor of 28995 and 435.
15
Calculate the greatest common divisor of 125577 and 657.
9
What is the greatest common divisor of 80 and 1451920?
80
What is the highest common divisor of 48336 and 106?
106
Calculate the greatest common factor of 18334 and 412.
206
Calculate the highest common divisor of 34 and 614193.
17
What is the greatest common divisor of 8 and 1667672?
8
Calculate the highest common divisor of 148430 and 490.
10
Calculate the greatest common factor of 28519 and 76.
19
What is the greatest common divisor of 52875 and 75375?
1125
What is the greatest common factor of 592 and 239501?
37
What is the highest common factor of 28707 and 9?
3
What is the greatest common factor of 357455 and 5390?
245
Calculate the greatest common divisor of 280 and 35112.
56
Calculate the greatest common factor of 14071 and 3.
1
What is the greatest common divisor of 248925 and 75?
75
What is the greatest common factor of 7104 and 120324?
444
Calculate the greatest common divisor of 10556 and 342258.
406
Calculate the highest common factor of 76446 and 2511.
279
What is the greatest common divisor of 723 and 9881?
241
Calculate the highest common divisor of 68384 and 256.
32
Calculate the highest common divisor of 2760 and 61755.
345
What is the highest common divisor of 168 and 2875208?
56
What is the greatest common factor of 58 and 15886693?
29
What is the highest common factor of 6797 and 49?
7
What is the greatest common divisor of 682734 and 26?
26
Calculate the greatest common factor of 892824 and 72.
24
What is the greatest common factor of 8 and 102568?
8
What is the greatest common factor of 56 and 211680?
56
Calculate the highest common divisor of 370858 and 6.
2
What is the greatest common factor of 7936 and 15104?
256
What is the greatest common factor of 71984 and 64?
16
Calculate the highest common factor of 65 and 33925.
5
What is the greatest common factor of 55781 and 8759?
461
Calculate the greatest common factor of 77 and 275919.
7
What is the highest common divisor of 843010 and 350?
70
Calculate the highest common divisor of 157963 and 203.
29
Calculate the greatest common divisor of 5725 and 2519.
229
Calculate the highest common factor of 5133 and 4350.
87
What is the greatest common divisor of 18762 and 530?
106
What is the greatest common factor of 1641 and 5220021?
1641
What is the greatest common factor of 232 and 481487?
29
What is the highest common factor of 165768 and 456?
24
What is the highest common divisor of 117 and 39351?
39
Calculate the greatest common divisor of 330360 and 100.
20
Calculate the greatest common factor of 21049 and 434.
217
Calculate the highest common divisor of 2871 and 3168.
99
Calculate the greatest common divisor of 723541 and 273.
91
Calculate the highest common divisor of 2401 and 255535.
343
Calculate the highest common factor of 11537690 and 5.
5
Calculate the greatest common divisor of 1696328 and 204.
68
What is the highest common factor of 1704 and 528?
24
Calculate the highest common factor of 658 and 3682.
14
Calculate the highest common factor of 20490 and 1630.
10
Calculate the greatest common factor of 1452 and 8748.
12
Calculate the greatest common factor of 78360 and 2.
2
What is the greatest common divisor of 9894 and 78?
6
Calculate the greatest common divisor of 2997942 and 282.
282
What is the highest common factor of 3572 and 3784534?
1786
What is the greatest common divisor of 975 and 17475?
75
Calculate the highest common factor of 79787 and 115.
23
What is the highest common divisor of 741 and 439299?
57
Calculate the highest common factor of 152144 and 8738.
514
What is the greatest common divisor of 105 and 399?
21
Calculate the highest common divisor of 1185 and 16305.
15
Calculate the greatest common factor of 510725 and 62.
31
What is the highest common divisor of 1180 and 15480?
20
Calculate the highest common divisor of 43665 and 795.
15
What is the highest common factor of 4524 and 15756?
156
Calculate the highest common divisor of 285 and 558125.
95
What is the highest common divisor of 2880 and 22500?
180
Calculate the greatest common factor of 176 and 3088.
16
What is the highest common factor of 184 and 168?
8
Calculate the greatest common factor of 109996 and 10700.
428
What is the greatest common factor of 17823 and 1560?
39
What is the highest common factor of 1687 and 10845?
241
What is the highest common divisor of 819 and 3488121?
819
What is the highest common divisor of 958048 and 441?
49
What is the highest common divisor of 104 and 22802?
26
Calculate the greatest common factor of 45 and 25635.
15
What is the greatest common factor of 80 and 195?
5
Calculate the highest common divisor of 718096 and 592.
592
What is the highest common divisor of 10 and 5952770?
10
Calculate the highest common factor of 2304 and 7992.
72
Calculate the highest common factor of 77 and 81088.
7
What is the highest common factor of 56 and 114044?
28
What is the highest common factor of 65 and 73268?
13
Calculate the greatest common divisor of 1647 and 621.
27
Calculate the highest common factor of 19038 and 458916.
1002
What is the greatest common divisor of 150 and 375430?
10
What is the greatest common factor of 2023854 and 42?
42
Calculate the highest common factor of 6596 and 6392.
68
What is the greatest common divisor of 13545 and 10?
5
Calculate the greatest common factor of 591 and 104213.
197
Calculate the greatest common divisor of 26 and 26377.
13
Calculate the greatest common divisor of 552 and 50472.
24
Calculate the highest common divisor of 154872 and 864.
216
What is the greatest common divisor of 51357 and 3975?
159
Calculate the greatest common divisor of 9819 and 3537.
9
Calculate the greatest common factor of 310 and 261.
1
What is the greatest common divisor of 2504034 and 78?
78
What is the highest common divisor of 1756 and 1344?
4
What is the greatest common divisor of 1047 and 16403?
349
What is the highest common factor of 41528 and 43676?
716
Calculate the highest common factor of 26831 and 7.
7
Calculate the greatest common factor of 19313 and 93.
31
What is the highest common divisor of 6880 and 3010?
430
Calculate the highest common factor of 962 and 432826.
74
What is the highest common factor of 14 and 17278?
2
What is the greatest common divisor of 3321 and 75399?
123
Calculate the greatest common divisor of 500 and 5660.
20
Calculate the greatest common factor of 192 and 1095384.
24
What is the highest common divisor of 2813 and 5249?
29
What is the greatest common factor of 49467 and 1?
1
Calculate the greatest common factor of 204 and 114936.
12
What is the greatest common factor of 1200 and 1660?
20
What i